{"id":189,"date":"2026-04-10T17:24:26","date_gmt":"2026-04-10T17:24:26","guid":{"rendered":"https:\/\/bepcovy.azdigi.shop\/?post_type=product&#038;p=189"},"modified":"2026-04-10T17:24:26","modified_gmt":"2026-04-10T17:24:26","slug":"tiralychee-tiramisu-vai-may","status":"publish","type":"product","link":"https:\/\/bepcovy.azdigi.shop\/index.php\/san-pham\/tiralychee-tiramisu-vai-may\/","title":{"rendered":"Tiralych\u00e9e \u2013 Tiramisu V\u1ea3i M\u00e2y"},"content":{"rendered":"<p><strong>H\u01b0\u01a1ng v\u1ecb:<\/strong>\u00a0B\u00e9o nh\u1eb9 \u2013 H\u01b0\u01a1ng th\u01a1m v\u1ea3i \u2013 Ng\u1ecdt d\u1ecbu<\/p>\n<p><strong>C\u1ea5u tr\u00fac b\u00e1nh:<\/strong><\/p>\n<p>Ph\u1ea7n th\u00e2n b\u00e1nh g\u1ed3m 3 l\u1edbp xen k\u1ebd c\u00e1c l\u1edbp:<\/p>\n<p>+ B\u00e1nh lady finger nh\u00fang syrup cafe v\u00e0 m\u1ee9t v\u1ea3i n\u1ea5u c\u00f9ng hoa h\u1ed3ng.<\/p>\n<p>+ \u0110an xen c\u00e1c l\u1edbp mousse tiramisu v\u1ea3i.<\/p>\n<p>Ph\u1ea7n trang tr\u00ed: B\u00e1nh \u0111\u01b0\u1ee3c trang tr\u00ed b\u1eb1ng nh\u1eefng vi\u00ean kh\u00fac b\u1ea1ch v\u1ea3i m\u1ec1m m\u1ecbn v\u00e0 c\u00e1c vi\u00ean m\u1ee9t v\u1ea3i hoa h\u1ed3ng trong su\u1ed1t<\/p>\n<p><strong>B\u1ea3o qu\u1ea3n:<\/strong>\u00a0B\u00e1nh n\u00ean \u0111\u01b0\u1ee3c d\u00f9ng trong ng\u00e0y v\u00e0 ngon h\u01a1n khi b\u1ea3o qu\u1ea3n l\u1ea1nh tr\u01b0\u1edbc khi th\u01b0\u1edfng th\u1ee9c.<\/p>\n<p><strong>Ph\u1ee5 ki\u1ec7n t\u1eb7ng k\u00e8m:<\/strong><\/p>\n<p>+ 1 dao c\u1eaft b\u00e1nh<\/p>\n<p>+ 1 b\u1ed9 d\u0129a v\u00e0 mu\u1ed7ng<\/p>\n<p>+ H\u1ed9p n\u1ebfn nh\u1ecf<\/p>\n<p><strong>Ph\u00e2n lo\u1ea1i:<\/strong>\u00a0B\u00e1nh mousse<\/p>\n<p><a href=\"https:\/\/bepcovy.azdigi.shop\/wp-admin\/post-new.php?post_type=product\">Mua Ngay<\/a><\/p>\n<p><a href=\"https:\/\/cailonuong.com\/menu\/tiralychee-tiramisu-vai-may\/\">Xem th\u00eam<\/a><\/p>\n","protected":false},"excerpt":{"rendered":"<p>TIRAMISU \u201cTHAY \u00c1O\u201d \u2013 KH\u00daC B\u1ea0CH V\u1ea2I XU\u1ea4T HI\u1ec6N!<\/p>\n<p>M\u00f9a v\u1ea3i d\u1ea7n kh\u00e9p l\u1ea1i, nh\u01b0ng v\u1ecb Tiramisu V\u1ea3i tr\u1ee9 danh th\u00ec v\u1eabn \u1edf \u0111\u00e2y \u2013 nay kho\u00e1c l\u00ean m\u1ed9t di\u1ec7n m\u1ea1o m\u1edbi tinh t\u1ebf h\u01a1n. Hai \u201cg\u01b0\u01a1ng m\u1eb7t quen\u201d ch\u00ednh th\u1ee9c ra m\u1eaft phi\u00ean b\u1ea3n decor v\u1edbi Kh\u00fac B\u1ea1ch v\u1eeba duy\u00ean d\u00e1ng, v\u1eeba mang l\u1ea1i tr\u1ea3i nghi\u1ec7m th\u00fa v\u1ecb.<\/p>\n<ul>\n<li><strong>TIRAMISU KH\u00daC B\u1ea0CH V\u1ea2I: Tiramisu m\u1ec1m m\u1ecbn v\u1edbi topping kh\u00fac b\u1ea1ch v\u1ea3i v\u00e0 m\u1ee9t v\u1ea3i hoa h\u1ed3ng trong veo, nh\u00ecn l\u00e0 mu\u1ed1n \u0103n ngay.<\/strong><\/li>\n<li>Sweetin TIRAMISU LYCH\u00c9E KH\u00daC B\u1ea0CH: Phi\u00ean b\u1ea3n h\u1ed9p thi\u1ebfc gi\u1eef tr\u1ecdn h\u01b0\u01a1ng v\u1ecb tiramisu v\u1ea3i \u0111\u1eb7c tr\u01b0ng, nay \u201cupgrade\u201d v\u1edbi decor m\u1edbi duy\u00ean d\u00e1ng h\u01a1n.<\/li>\n<\/ul>\n<p>M\u1ed9t ch\u00fat thay \u0111\u1ed5i nh\u1ecf, nh\u01b0ng \u0111\u1ee7 \u0111\u1ec3 b\u1ea1n c\u00f3 th\u00eam l\u00fd do g\u1eedi t\u1eb7ng hay chia s\u1ebb v\u1edbi nh\u1eefng ng\u01b0\u1eddi m\u00ecnh y\u00eau th\u01b0\u01a1ng. B\u1ea1n \u0111\u00e3 s\u1eb5n s\u00e0ng g\u1eb7p phi\u00ean b\u1ea3n \u201cthay \u00e1o\u201d xinh x\u1eafn n\u00e0y t\u1ea1i B\u1ebfp C\u00f4 Vy ch\u01b0a?<\/p>\n","protected":false},"featured_media":190,"comment_status":"open","ping_status":"closed","template":"","meta":[],"product_brand":[],"product_cat":[22],"product_tag":[],"class_list":{"0":"post-189","1":"product","2":"type-product","3":"status-publish","4":"has-post-thumbnail","6":"product_cat-banh-mousse","8":"first","9":"instock","10":"shipping-taxable","11":"purchasable","12":"product-type-variable"},"yoast_head":"<!-- This site is optimized with the Yoast SEO plugin v27.1.1 - https:\/\/yoast.com\/product\/yoast-seo-wordpress\/ -->\n<title>Tiralych\u00e9e \u2013 Tiramisu V\u1ea3i M\u00e2y - B\u1ebfp C\u00f4 Vy<\/title>\n<meta name=\"description\" content=\"B\u00e1nh mousse tiramisu v\u1ea3i b\u00e9o nh\u1eb9, th\u01a1m h\u01b0\u01a1ng v\u1ea3i, ng\u1ecdt d\u1ecbu. K\u1ebft h\u1ee3p lady finger nh\u00fang syrup cafe, m\u1ee9t v\u1ea3i hoa h\u1ed3ng v\u00e0 mousse m\u1ec1m m\u1ecbn h\u1ea5p d\u1eabn.\" \/>\n<meta name=\"robots\" content=\"index, follow, max-snippet:-1, max-image-preview:large, max-video-preview:-1\" \/>\n<link rel=\"canonical\" href=\"https:\/\/bepcovy.azdigi.shop\/index.php\/san-pham\/tiralychee-tiramisu-vai-may\/\" \/>\n<meta property=\"og:locale\" content=\"vi_VN\" \/>\n<meta property=\"og:type\" content=\"article\" \/>\n<meta property=\"og:title\" content=\"Tiralych\u00e9e \u2013 Tiramisu V\u1ea3i M\u00e2y - B\u1ebfp C\u00f4 Vy\" \/>\n<meta property=\"og:description\" content=\"B\u00e1nh mousse tiramisu v\u1ea3i b\u00e9o nh\u1eb9, th\u01a1m h\u01b0\u01a1ng v\u1ea3i, ng\u1ecdt d\u1ecbu. K\u1ebft h\u1ee3p lady finger nh\u00fang syrup cafe, m\u1ee9t v\u1ea3i hoa h\u1ed3ng v\u00e0 mousse m\u1ec1m m\u1ecbn h\u1ea5p d\u1eabn.\" \/>\n<meta property=\"og:url\" content=\"https:\/\/bepcovy.azdigi.shop\/index.php\/san-pham\/tiralychee-tiramisu-vai-may\/\" \/>\n<meta property=\"og:site_name\" content=\"B\u1ebfp C\u00f4 Vy\" \/>\n<meta property=\"og:image\" content=\"https:\/\/bepcovy.azdigi.shop\/wp-content\/uploads\/2026\/04\/z7592172236561_6b8ac3067ffbc35f859ae63c8545c0b9.jpg\" \/>\n\t<meta property=\"og:image:width\" content=\"1200\" \/>\n\t<meta property=\"og:image:height\" content=\"1200\" \/>\n\t<meta property=\"og:image:type\" content=\"image\/jpeg\" \/>\n<meta name=\"twitter:card\" content=\"summary_large_image\" \/>\n<meta name=\"twitter:label1\" content=\"\u01af\u1edbc t\u00ednh th\u1eddi gian \u0111\u1ecdc\" \/>\n\t<meta name=\"twitter:data1\" content=\"1 ph\u00fat\" \/>\n<script type=\"application\/ld+json\" class=\"yoast-schema-graph\">{\"@context\":\"https:\/\/schema.org\",\"@graph\":[{\"@type\":\"WebPage\",\"@id\":\"https:\/\/bepcovy.azdigi.shop\/index.php\/san-pham\/tiralychee-tiramisu-vai-may\/\",\"url\":\"https:\/\/bepcovy.azdigi.shop\/index.php\/san-pham\/tiralychee-tiramisu-vai-may\/\",\"name\":\"Tiralych\u00e9e \u2013 Tiramisu V\u1ea3i M\u00e2y - B\u1ebfp C\u00f4 Vy\",\"isPartOf\":{\"@id\":\"https:\/\/bepcovy.azdigi.shop\/#website\"},\"primaryImageOfPage\":{\"@id\":\"https:\/\/bepcovy.azdigi.shop\/index.php\/san-pham\/tiralychee-tiramisu-vai-may\/#primaryimage\"},\"image\":{\"@id\":\"https:\/\/bepcovy.azdigi.shop\/index.php\/san-pham\/tiralychee-tiramisu-vai-may\/#primaryimage\"},\"thumbnailUrl\":\"https:\/\/bepcovy.azdigi.shop\/wp-content\/uploads\/2026\/04\/z7592172236561_6b8ac3067ffbc35f859ae63c8545c0b9.jpg\",\"datePublished\":\"2026-04-10T17:24:26+00:00\",\"description\":\"B\u00e1nh mousse tiramisu v\u1ea3i b\u00e9o nh\u1eb9, th\u01a1m h\u01b0\u01a1ng v\u1ea3i, ng\u1ecdt d\u1ecbu. K\u1ebft h\u1ee3p lady finger nh\u00fang syrup cafe, m\u1ee9t v\u1ea3i hoa h\u1ed3ng v\u00e0 mousse m\u1ec1m m\u1ecbn h\u1ea5p d\u1eabn.\",\"breadcrumb\":{\"@id\":\"https:\/\/bepcovy.azdigi.shop\/index.php\/san-pham\/tiralychee-tiramisu-vai-may\/#breadcrumb\"},\"inLanguage\":\"vi\",\"potentialAction\":[{\"@type\":\"ReadAction\",\"target\":[\"https:\/\/bepcovy.azdigi.shop\/index.php\/san-pham\/tiralychee-tiramisu-vai-may\/\"]}]},{\"@type\":\"ImageObject\",\"inLanguage\":\"vi\",\"@id\":\"https:\/\/bepcovy.azdigi.shop\/index.php\/san-pham\/tiralychee-tiramisu-vai-may\/#primaryimage\",\"url\":\"https:\/\/bepcovy.azdigi.shop\/wp-content\/uploads\/2026\/04\/z7592172236561_6b8ac3067ffbc35f859ae63c8545c0b9.jpg\",\"contentUrl\":\"https:\/\/bepcovy.azdigi.shop\/wp-content\/uploads\/2026\/04\/z7592172236561_6b8ac3067ffbc35f859ae63c8545c0b9.jpg\",\"width\":1200,\"height\":1200},{\"@type\":\"BreadcrumbList\",\"@id\":\"https:\/\/bepcovy.azdigi.shop\/index.php\/san-pham\/tiralychee-tiramisu-vai-may\/#breadcrumb\",\"itemListElement\":[{\"@type\":\"ListItem\",\"position\":1,\"name\":\"Trang ch\u1ee7\",\"item\":\"https:\/\/bepcovy.azdigi.shop\/\"},{\"@type\":\"ListItem\",\"position\":2,\"name\":\"C\u1eeda h\u00e0ng\",\"item\":\"https:\/\/bepcovy.azdigi.shop\/index.php\/cua-hang\/\"},{\"@type\":\"ListItem\",\"position\":3,\"name\":\"Tiralych\u00e9e \u2013 Tiramisu V\u1ea3i M\u00e2y\"}]},{\"@type\":\"WebSite\",\"@id\":\"https:\/\/bepcovy.azdigi.shop\/#website\",\"url\":\"https:\/\/bepcovy.azdigi.shop\/\",\"name\":\"B\u1ebfp C\u00f4 Vy\",\"description\":\"\",\"potentialAction\":[{\"@type\":\"SearchAction\",\"target\":{\"@type\":\"EntryPoint\",\"urlTemplate\":\"https:\/\/bepcovy.azdigi.shop\/?s={search_term_string}\"},\"query-input\":{\"@type\":\"PropertyValueSpecification\",\"valueRequired\":true,\"valueName\":\"search_term_string\"}}],\"inLanguage\":\"vi\"}]}<\/script>\n<!-- \/ Yoast SEO plugin. -->","yoast_head_json":{"title":"Tiralych\u00e9e \u2013 Tiramisu V\u1ea3i M\u00e2y - B\u1ebfp C\u00f4 Vy","description":"B\u00e1nh mousse tiramisu v\u1ea3i b\u00e9o nh\u1eb9, th\u01a1m h\u01b0\u01a1ng v\u1ea3i, ng\u1ecdt d\u1ecbu. K\u1ebft h\u1ee3p lady finger nh\u00fang syrup cafe, m\u1ee9t v\u1ea3i hoa h\u1ed3ng v\u00e0 mousse m\u1ec1m m\u1ecbn h\u1ea5p d\u1eabn.","robots":{"index":"index","follow":"follow","max-snippet":"max-snippet:-1","max-image-preview":"max-image-preview:large","max-video-preview":"max-video-preview:-1"},"canonical":"https:\/\/bepcovy.azdigi.shop\/index.php\/san-pham\/tiralychee-tiramisu-vai-may\/","og_locale":"vi_VN","og_type":"article","og_title":"Tiralych\u00e9e \u2013 Tiramisu V\u1ea3i M\u00e2y - B\u1ebfp C\u00f4 Vy","og_description":"B\u00e1nh mousse tiramisu v\u1ea3i b\u00e9o nh\u1eb9, th\u01a1m h\u01b0\u01a1ng v\u1ea3i, ng\u1ecdt d\u1ecbu. K\u1ebft h\u1ee3p lady finger nh\u00fang syrup cafe, m\u1ee9t v\u1ea3i hoa h\u1ed3ng v\u00e0 mousse m\u1ec1m m\u1ecbn h\u1ea5p d\u1eabn.","og_url":"https:\/\/bepcovy.azdigi.shop\/index.php\/san-pham\/tiralychee-tiramisu-vai-may\/","og_site_name":"B\u1ebfp C\u00f4 Vy","og_image":[{"width":1200,"height":1200,"url":"https:\/\/bepcovy.azdigi.shop\/wp-content\/uploads\/2026\/04\/z7592172236561_6b8ac3067ffbc35f859ae63c8545c0b9.jpg","type":"image\/jpeg"}],"twitter_card":"summary_large_image","twitter_misc":{"\u01af\u1edbc t\u00ednh th\u1eddi gian \u0111\u1ecdc":"1 ph\u00fat"},"schema":{"@context":"https:\/\/schema.org","@graph":[{"@type":"WebPage","@id":"https:\/\/bepcovy.azdigi.shop\/index.php\/san-pham\/tiralychee-tiramisu-vai-may\/","url":"https:\/\/bepcovy.azdigi.shop\/index.php\/san-pham\/tiralychee-tiramisu-vai-may\/","name":"Tiralych\u00e9e \u2013 Tiramisu V\u1ea3i M\u00e2y - B\u1ebfp C\u00f4 Vy","isPartOf":{"@id":"https:\/\/bepcovy.azdigi.shop\/#website"},"primaryImageOfPage":{"@id":"https:\/\/bepcovy.azdigi.shop\/index.php\/san-pham\/tiralychee-tiramisu-vai-may\/#primaryimage"},"image":{"@id":"https:\/\/bepcovy.azdigi.shop\/index.php\/san-pham\/tiralychee-tiramisu-vai-may\/#primaryimage"},"thumbnailUrl":"https:\/\/bepcovy.azdigi.shop\/wp-content\/uploads\/2026\/04\/z7592172236561_6b8ac3067ffbc35f859ae63c8545c0b9.jpg","datePublished":"2026-04-10T17:24:26+00:00","description":"B\u00e1nh mousse tiramisu v\u1ea3i b\u00e9o nh\u1eb9, th\u01a1m h\u01b0\u01a1ng v\u1ea3i, ng\u1ecdt d\u1ecbu. K\u1ebft h\u1ee3p lady finger nh\u00fang syrup cafe, m\u1ee9t v\u1ea3i hoa h\u1ed3ng v\u00e0 mousse m\u1ec1m m\u1ecbn h\u1ea5p d\u1eabn.","breadcrumb":{"@id":"https:\/\/bepcovy.azdigi.shop\/index.php\/san-pham\/tiralychee-tiramisu-vai-may\/#breadcrumb"},"inLanguage":"vi","potentialAction":[{"@type":"ReadAction","target":["https:\/\/bepcovy.azdigi.shop\/index.php\/san-pham\/tiralychee-tiramisu-vai-may\/"]}]},{"@type":"ImageObject","inLanguage":"vi","@id":"https:\/\/bepcovy.azdigi.shop\/index.php\/san-pham\/tiralychee-tiramisu-vai-may\/#primaryimage","url":"https:\/\/bepcovy.azdigi.shop\/wp-content\/uploads\/2026\/04\/z7592172236561_6b8ac3067ffbc35f859ae63c8545c0b9.jpg","contentUrl":"https:\/\/bepcovy.azdigi.shop\/wp-content\/uploads\/2026\/04\/z7592172236561_6b8ac3067ffbc35f859ae63c8545c0b9.jpg","width":1200,"height":1200},{"@type":"BreadcrumbList","@id":"https:\/\/bepcovy.azdigi.shop\/index.php\/san-pham\/tiralychee-tiramisu-vai-may\/#breadcrumb","itemListElement":[{"@type":"ListItem","position":1,"name":"Trang ch\u1ee7","item":"https:\/\/bepcovy.azdigi.shop\/"},{"@type":"ListItem","position":2,"name":"C\u1eeda h\u00e0ng","item":"https:\/\/bepcovy.azdigi.shop\/index.php\/cua-hang\/"},{"@type":"ListItem","position":3,"name":"Tiralych\u00e9e \u2013 Tiramisu V\u1ea3i M\u00e2y"}]},{"@type":"WebSite","@id":"https:\/\/bepcovy.azdigi.shop\/#website","url":"https:\/\/bepcovy.azdigi.shop\/","name":"B\u1ebfp C\u00f4 Vy","description":"","potentialAction":[{"@type":"SearchAction","target":{"@type":"EntryPoint","urlTemplate":"https:\/\/bepcovy.azdigi.shop\/?s={search_term_string}"},"query-input":{"@type":"PropertyValueSpecification","valueRequired":true,"valueName":"search_term_string"}}],"inLanguage":"vi"}]}},"_links":{"self":[{"href":"https:\/\/bepcovy.azdigi.shop\/index.php\/wp-json\/wp\/v2\/product\/189","targetHints":{"allow":["GET"]}}],"collection":[{"href":"https:\/\/bepcovy.azdigi.shop\/index.php\/wp-json\/wp\/v2\/product"}],"about":[{"href":"https:\/\/bepcovy.azdigi.shop\/index.php\/wp-json\/wp\/v2\/types\/product"}],"replies":[{"embeddable":true,"href":"https:\/\/bepcovy.azdigi.shop\/index.php\/wp-json\/wp\/v2\/comments?post=189"}],"wp:featuredmedia":[{"embeddable":true,"href":"https:\/\/bepcovy.azdigi.shop\/index.php\/wp-json\/wp\/v2\/media\/190"}],"wp:attachment":[{"href":"https:\/\/bepcovy.azdigi.shop\/index.php\/wp-json\/wp\/v2\/media?parent=189"}],"wp:term":[{"taxonomy":"product_brand","embeddable":true,"href":"https:\/\/bepcovy.azdigi.shop\/index.php\/wp-json\/wp\/v2\/product_brand?post=189"},{"taxonomy":"product_cat","embeddable":true,"href":"https:\/\/bepcovy.azdigi.shop\/index.php\/wp-json\/wp\/v2\/product_cat?post=189"},{"taxonomy":"product_tag","embeddable":true,"href":"https:\/\/bepcovy.azdigi.shop\/index.php\/wp-json\/wp\/v2\/product_tag?post=189"}],"curies":[{"name":"wp","href":"https:\/\/api.w.org\/{rel}","templated":true}]}}